ime number?
False
Let z(b) = -2*b**3 - 8*b**2 - 3*b + 1. Let s(q) = 3*q + 6. Let g be s(3). Let c = g + -21. Is z(c) a prime number?
True
Let j = 43295 + 40016. Is j composite?
False
Is 0 - 7827*7/(-7) prime?
False
Let d(s) = -280*s**3 + 7*s**2 + 21*s + 21. Is d(-7) composite?
True
Is (1/1)/(-1)*(-14175 - -2) a composite number?
False
Let i be 1*2*(27996 + -16). Suppose 0 = 7*j - 2*j - u - i, -j = -u - 11192. Suppose 13*m = 5*m + j. Is m a prime number?
True
Let j = 24 - 21. Suppose 0 = -v - j*y + 12, -y = 2*v - 2*y - 10. Suppose 78 = -3*l + v*l. Is l a prime number?
False
Suppose -2*z + 3*x + 9 = 0, 4*z = -5*x + 6 + 1. Let a = z + -1. Suppose -7*t = -a*t - 1465. Is t composite?
False
Let u = 5 - 5. Let i be -3 + (-1 - (-24 - u)). Suppose -3*x - i = -1007. Is x prime?
False
Suppose -196397 = -12*l - 11*l. Is l prime?
True
Suppose j = -y - 2*y - 2441, 0 = 3*y - 2*j + 2426. Let p = y - -1513. Is p a prime number?
True
Let f be 541*(1 + 0)*1. Suppose -912 = 3*r + 5*q, 935 = -4*r + 5*q - 281. Let y = f + r. Is y a composite number?
True
Suppose -l + 17 = 12. Suppose x = c - 35 - 51, 4*x = -l*c + 403. Is c composite?
False
Let n = -1613 - -797. Let b = 2215 + n. Is b composite?
False
Let r(a) = 2*a**3 - a**2 + a. Let p be r(1). Suppose p*l = -2*l + 312. Suppose 2*u - l = 424. Is u a composite number?
False
Suppose -4761 - 2429 = -2*w. Is -2*(-2)/(20/w) prime?
True
Let p be (-42)/(-7)*10/6. Let o = 7 - p. Let z = 16 - o. Is z a composite number?
False
Let f = 9 - 4. Is ((-295)/2)/(f/(-10)) a prime number?
False
Suppose -4*s = 5*o - 2*o - 19, -6 = -2*o + 4*s. Suppose -o*c = -c. Suppose c*h + 114 = h - u, 237 = 2*h - 5*u. Is h composite?
True
Let v = -4 - -5. Suppose -1 = -z + 1. Is (v + 2 - z)*22 composite?
True
Let p(j) = -44*j + 597. Is p(-32) prime?
False
Suppose -1632 = -2*t + 896. Let y = t - 855. Is y prime?
True
Let m(r) = 2*r**3 + 7*r**2 - 2*r + 8. Let w(j) = 2*j**3 + 7*j**2 - 3*j + 7. Let h be 5/(-10) + 5/2. Let k(s) = h*m(s) - 3*w(s). Is k(-6) composite?
True
Let u = -10462 + 17529. Is u composite?
True
Let w(i) = i**2 - 7*i + 4. Let k(f) = f**3 - 7*f**2 + 7*f - 3. Let c be k(6). Let v be w(c). Let u(m) = m**2 + 8*m + 10. Is u(v) a composite number?
True
Let i be (-1323)/((-3)/1) + 3/(-3). Let r(d) = d**2 + 1. Let y be r(-2). Suppose -q + y*n + 0*n = -89, 4*q - i = -n. Is q composite?
False
Suppose 5*c = c - 3*c. Suppose 4*z = -2*p + 1466, -4*p + 3*z + 2921 = -c*p. Is p composite?
True
Let y = -12830 - -22281. Is y prime?
False
Let q = -5968 - -15059. Is q a prime number?
True
Let v(z) = -7*z**3 - 3*z**2 + 3*z + 2. Let u(k) = -k - 3. Let r be u(0). Let l be v(r). Let g = l + 4. Is g a prime number?
False
Is ((-687)/5)/(798/(-60) - -13) a prime number?
False
Suppose 0 = 4*w + 12, 5*f - w - 2822 = 4*f. Is f a composite number?
False
Suppose 0 = 4*p + 12, -5*p - 14 = -4*t + 1. Suppose t = 3*x - 10*x + 581. Is x prime?
True
Is ((-611762)/(-57))/((-7)/(42/(-4))) a prime number?
False
Suppose -3 + 38 = -5*q. Is 6246/8 + (63/(-36))/q composite?
True
Suppose -3*g - 3*i + 108 = 0, 2*i + 20 = 6*i. Is g a composite number?
False
Suppose -3*u + 3*d + 8361 = 0, 0 = -5*d + 10*d. Is u a prime number?
False
Suppose -3*b = 4*v - 12286, -4*v + 4*b + 11044 + 1256 = 0. Is v composite?
True
Let k(v) = -2016*v - 53. Is k(-5) prime?
False
Let v = -1076 - -483. Let i = v - -934. Is i a composite number?
True
Suppose -9599 = -5*f - 3*s, 5*f + 3834 = 7*f + 4*s. Is f composite?
True
Let z(t) = -344*t**3 - t**2 - t. Let y be z(-1). Is (-3)/(-2)*y/12 composite?
False
Let q(u) = 3*u**2 - u - 1. Let s be q(-2). Let f be 2/(-4)*(9 - s). Suppose f*c - 609 = -4*g + 3*g, 5*g - 896 = -3*c. Is c composite?
False
Let c(h) = -15*h + 16. Let r = 28 + -41. Is c(r) composite?
False
Let t(l) = 212*l + 12. Let k be t(10). Let u = k - 981. Is u prime?
True
Let x(b) = -b - 13. Let a be x(-7). Let y be a/(-9)*-3 + 1. Is 444 + (-1 - (y - -1)) a composite number?
False
Let i(x) be the second derivative of x**5/30 - x**4/8 + x**3 + 4*x. Let c(p) be the second derivative of i(p). Is c(7) a composite number?
True
Is (1 - (-2098)/1)*(96 + -95) prime?
True
Suppose -4*m + p - 1 = -2, -m - 2 = 2*p. Suppose m = -2*y + y - 4. Is ((-669)/12 + 0)*y a composite number?
False
Let u = 71 + -73. Is -2 + ((-24)/4)/u - -2896 a prime number?
True
Suppose 3*x - 3*m - 100764 = 0, 0 = 8*m - 4*m - 4. Is x prime?
True
Suppose -2*m - 15228 = -4*l, -12 = 10*m - 13*m. Is l a composite number?
True
Suppose -4*d - 2*n + 2 = 0, 4*d = -d + 5*n + 25. Let r(t) = -13 + 0*t**d + 4*t + 6 + 6*t**2. Is r(-5) a composite number?
True
Suppose 3*n - 5 - 4 = 0. Let m be n - 2/((-6)/57). Is m*(-2)/4*-7 a prime number?
False
Let p = 19 + -24. Let x(b) = -392*b + 13. Is x(p) composite?
False
Suppose 0 = 9*y - 13*y. Suppose -9*o + 1011 + 51 = y. Is o composite?
True
Let o(n) = -131*n**3 - 3*n**2 - 5*n + 9. Is o(-5) prime?
False
Suppose -3*t + 2*h + 7515 = -3546, 3*t = -h + 11061. Is t prime?
False
Suppose 5*w - 25 = -4*l + 108, 3*l = 5*w + 126. Suppose 8 = 5*i - l. Is 5497/i - (-2)/9 a prime number?
False
Let z = -749 + 1786. Is z a composite number?
True
Let z = 537 + -248. Let h = 648 - z. Is h a composite number?
False
Suppose 5*m - 19 = 4*w, w + 13 = 4*m - 0*m. Suppose -m*o + 1876 = o. Is o a prime number?
False
Let m(l) be the second derivative of 2*l**4/3 + 3*l**3/2 - 6*l**2 + 3*l. Is m(7) a prime number?
True
Suppose -24*p + 19*p = -6805. Is p a prime number?
True
Suppose b - 22 = d - 3*b, -3*b = d + 15. Let o be 10/45 - 1328/d. Suppose -o = -l - l. Is l a composite number?
False
Let f(i) = 30*i**2 + 9*i - 53. Is f(20) a composite number?
True
Let q(t) = 5*t + 14. Suppose -17 = 3*o - 5. Let b be q(o). Is 7 + b - (2 + -135) a composite number?
True
Let a(i) = 11 - 8*i**2 - 8*i + 80*i**2 + 2. Is a(4) prime?
False
Suppose 497304 = 2*a + 22*a. Is a prime?
False
Suppose 7*f - 92628 = f. Suppose -f = -15*d - 33. Is d prime?
False
Suppose 2*y + 5*q = 104906, 4*y = -8*q + 13*q + 209812. Is y a prime number?
True
Suppose -25024 = -2*w - 3*h, -4*w + 29087 = -4*h - 20941. Is w a prime number?
False
Suppose 0 = -11*i + 14*i - 3*v - 173751, -289585 = -5*i - 5*v. Is i a prime number?
True
Suppose -r + 7120 = 7*r. Let p = -4 + 9. Suppose -r = -p*m + 365. Is m a prime number?
True
Suppose 16*d - 4*d = 4236. Is d prime?
True
Let u be 11/(-33) + 10/3. Suppose -d - u*d = 0. Suppose d*w = 2*z + 4*w - 586, 5*z - 1480 = 5*w. Is z composite?
True
Let h(x) = 305*x - 11. Let y = 123 - 114. Is h(y) composite?
True
Let w(y) = 17609*y**2 + 16*y + 16. Is w(-1) a composite number?
False
Let x = -586 + -602. Let i = -611 - x. Let r = i + -278. Is r prime?
False
Let d = -4153 - -1164. Let g = d - -4498. Is g composite?
True
Let h(j) = 28*j**2 + 239*j + 34. Is h(25) a prime number?
True
Let a(t) = -397*t - 21. Let p be a(-8). Suppose 105*g = 100*g + p. Is g composite?
False
Let t(q) = q - 1. Let k(m) = -m - 3. Let z = 12 + -14. Let x(i) = z*t(i) - k(i). Is x(-8) a composite number?
False
Is 6486 - 0 - (12 - (-7 - -18)) a composite number?
True
Let z(b) = b**3 - 6*b**2 + 8. Let k be z(6). Suppose -5*f - 5943 = -k*f. Is f prime?
False
Let l(p) = 2*p**2 + 4*p - 1. Let i be l(4). Suppose -26*x - 14*x = -1000. Let a = i - x. Is a composite?
True
Let n(i) = i**3 - i**2 + 1. Let m(w) = w**3 - w - 10. Let a(d) = m(d) + n(d). Is a(5) a composite number?
False
Let r = -16 - -15. Let a be (0/r)/(2 + -4). Is 36 - a - (4 + -5) composite?
False
Let y = 4 - -1. Suppose -s = 5*j - 1329, -2*s - 1317 = -y*j - 0*j. Is j a composite number?
True
Is (29359/55)/(1/5) prime?
False
Let w(v) = 13*v**3 + 5*v**2 + 11*v - 12. Is w(5) prime?
False
Let b(z) = -z**3 - 4 - 7*z + 6*z + 2*z**3 - 4*z**2 + 3*z. Let a be b(4). Suppose 0 = a*p - 3*p - 67. Is p composite?
False
Let h be -4 - (-4)/4 - (2 + -22). Suppose -h*u + 879 = -14*u. Is u composite?
False
Let k(f) = -f + 26. Suppose -5*b = u + 11 - 4, u = 4*b + 38. Let s be k(u). Let q(g) = -g**3 + 10*g**2 - 8*g - 11. Is q(s) a prime number?
True
Suppose -4524 = -3*q - 3*g, 3*g - g - 6038 = -4*q. Is q a composite number?
False
Suppose -u + 1302 + 1099 = 0. Suppose -3*s + 1439 = m, -s = 4*s + 3*m - u. Is s a composite number?
False
Let q = -1211 - -26484. Is q a composite number?
True
Suppose 0 = 2*t + 344 - 1460. Is 3/(-6) + t/4 composi